-8?
2819296
In base 13, what is -5 - c12a9?
-c12b1
In base 15, what is 7 + a32376a?
a323772
In base 7, what is -1240151 - 456?
-1240640
In base 3, what is -10112 + -10110000221?
-10110011110
In base 10, what is -88203 + -259?
-88462
In base 15, what is -cce90a - 28?
-cce933
In base 14, what is 91d0910 - 1?
91d090d
In base 9, what is 4032847 - -3?
4032851
In base 3, what is -11220210122 + 210111?
-11220000011
In base 2, what is -1100101111011100001 + -11011110?
-1100101111110111111
In base 5, what is 1313 + 3322112?
3323430
In base 11, what is 431600 - -792?
432292
In base 14, what is 54d88 - -1d5?
5517d
In base 15, what is 10b6 + -17b75?
-16aae
In base 15, what is -b4aeeb - 4?
-b4b000
In base 16, what is -8 + 7faad6?
7faace
In base 16, what is -186 + 1b7b9?
1b633
In base 8, what is -5 + 106013544?
106013537
In base 10, what is -2 - 22255775?
-22255777
In base 5, what is 44224301003 + -32?
44224300421
In base 13, what is -779 - -1a3c?
1293
In base 6, what is 40000 + 335452?
415452
In base 8, what is 17054 - 143147?
-124073
In base 5, what is 10 - -412331110?
412331120
In base 5, what is 21 + 141220010121?
141220010142
In base 14, what is 824 - -22c?
a52
In base 8, what is -6672 - 1476?
-10370
In base 13, what is 22c31c00 - 1?
22c31bcc
In base 8, what is 22 + 460160?
460202
In base 7, what is -13431 + -40045?
-53506
In base 4, what is -32 - -100113030031?
100113023333
In base 12, what is 38b86 - 126?
38a60
In base 2, what is 10101 + 1110011000010010100?
1110011000010101001
In base 10, what is -3400281 - -53?
-3400228
In base 4, what is 1322113012231 + -11?
1322113012220
In base 5, what is 303014 - -30?
303044
In base 8, what is -2464555026 - 0?
-2464555026
In base 15, what is -446a91 + -c?
-446a9d
In base 11, what is -48 + 7435a89?
7435a41
In base 10, what is 4267025 + 4?
4267029
In base 11, what is -983900a0 + -2?
-983900a2
In base 13, what is 116 + 96ccb9?
970102
In base 7, what is 20365310 - -241?
20365551
In base 10, what is 11 - 1715664?
-1715653
In base 7, what is -5 + 1614524402?
1614524364
In base 10, what is 12065445 + -5?
12065440
In base 12, what is -95 - -60005a?
5bbb85
In base 15, what is -680 - 38a?
-a1a
In base 2, what is 100111111111011100 + 10001010?
101000000001100110
In base 2, what is 1000100001001011000001001 + 0?
1000100001001011000001001
In base 14, what is 419b - 9a7?
35d4
In base 13, what is 590 + 698?
c58
In base 14, what is 1b913 + -15c7?
1a32a
In base 2, what is -10010111 + 101011100000110?
101011001101111
In base 15, what is -d1583 + 64?
-d151e
In base 14, what is -b06 - a04?
-170a
In base 6, what is -55420 - 21424?
-121244
In base 4, what is -201102110002 - -1?
-201102110001
In base 7, what is 2315 - 11121125?
-11115510
In base 9, what is 1752338 - 225?
1752113
In base 15, what is -87c76d - b3?
-87c831
In base 2, what is 1111000011101001101 + -1001?
1111000011101000100
In base 8, what is 152270367 - -10?
152270377
In base 14, what is -37b061 + 61?
-37b000
In base 13, what is -1c75b1 - -4?
-1c75aa
In base 13, what is -6738 - 8c?
-67c7
In base 13, what is -21399 - -1c5?
-211a4
In base 12, what is -5 + 18575192?
18575189
In base 16, what is 7 + 1a56e3?
1a56ea
In base 8, what is -572127147 + -5?
-572127154
In base 6, what is 2430501300 + -14?
2430501242
In base 2, what is 1100101111110100110111011 + -101?
1100101111110100110110110
In base 5, what is 2114400 - 2243?
2112102
In base 6, what is 242304512 - -141?
242305053
In base 10, what is 3 + -53194075?
-53194072
In base 6, what is 3 + -1522542323?
-1522542320
In base 11, what is 4 + 99272337?
99272340
In base 16, what is -2d0fed4 - 1?
-2d0fed5
In base 4, what is 200133 - 31130301?
-30330102
In base 3, what is 121111 + -1102212220102?
-1102212021221
In base 5, what is -212 + -132011442?
-132012204
In base 11, what is 5671 + 7aa?
6370
In base 7, what is -50 - 1305021?
-1305101
In base 11, what is -a645a348 + 3?
-a645a345
In base 8, what is 1 - 42747040?
-42747037
In base 10, what is -40686861 + 3?
-40686858
In base 16, what is 2e71d89 - -1?
2e71d8a
In base 14, what is -1413d + -165?
-142a4
In base 13, what is 86 - 757434?
-75737b
In base 2, what is 11 - -101011010010001011000?
101011010010001011011
In base 4, what is -2210020023 + -12?
-2210020101
In base 11, what is a + -1a5205?
-1a51a6
In base 5, what is 14034214342 - 2?
14034214340
In base 13, what is 4b + c65ab1?
c65b2c
In base 4, what is 13201 + 221221231?
221301032
In base 7, what is 502 + -132135?
-131333
In base 9, what is -276888111 + -5?
-276888116
In base 7, what is 2 - 156362356?
-156362354
In base 2, what is 10111011001001101110001111 + 1111?
10111011001001101110011110
In base 11, what is 3 + -1768a8?
-1768a5
In base 3, what is -22020 + -1010110211120?
-1010111010210
In base 4, what is -2013 - 1001223000?
-1001231013
In base 13, what is 45c70 + -1c9?
45a74
In base 9, what is 661664 - -103?
661767
In base 12, what is -1723 - 1706a8?
-17220b
In base 14, what is 10 - a35b4?
-a35a4
In base 16, what is -845 - cb62?
-d3a7
In base 16, what is 287a96 - -62?
287af8
In base 8, what is 154712 + -567?
154123
In base 5, what is -21203123401 + 103?
-21203123243
In base 15, what is 3a + 3427d?
342b8
In base 5, what is -3222 + 304440?
301213
In base 10, what is -15948 + -1161?
-17109
In base 5, what is 113213133004 + 12?
113213133021
In base 16, what is 132 + 3e5d?
3f8f
In base 12, what is -879a - 11810?
-1a3aa
In base 3, what is -21212210 - 20201?
-22010111
In base 12, what is 67 - -283a2?
28449
In base 8, what is -17372015 + 4?
-17372011
In base 11, what is 22382 + -1149?
21234
In base 15, what is -13882 - 1c1?
-13a53
In base 2, what is -10110010111111 + 111111001100?
-1110011110011
In base 15, what is 7 + -693343?
-69333b
In base 6, what is 403520421254 - 2?
403520421252
In base 15, what is -18 + 85b27?
85b0e
In base 5, what is 13432242432 + 10?
13432242442
In base 8, what is 147672607 + 0?
147672607
In base 8, what is -41 - -66120133?
66120072
In base 15, what is -1064e3 - -27?
-1064bb
In base 12, what is 3b196 + 837?
3ba11
In base 3, what is 11011121021022 - -2122?
11011121100221
In base 2, what is 1111000000 + 1011000111001111?
1011010110001111
In base 9, what is -114053 + 354?
-113588
In base 5, what is -2 - 211143222133?
-211143222140
In base 3, what is 2 + -2020122120102211?
-2020122120102202
In base 13, what is -12103 + -1c?
-12122
In base 14, what is 127b + -1ac2?
-845
In base 6, what is 10 + -22555004?
-22554554
In base 12, what is 115 - 1692?
-1579
In base 12, what is 1 - 536743?
-536742
In base 7, what is 1166622043 - 3?
1166622040
In base 7, what is -36 + 1321353?
1321314
In base 6, what is 10411415 + 224?
10412043
In base 5, what is 1002 + 222224340?
222230342
In base 14, what is 2071da6 - -3?
2071da9
In base 12, what is 2 - -2876222?
2876224
In base 11, what is 8 + -35427a62?
-35427a55
In base 2, what is 111000100001110010010000100110 - 100?
111000100001110010010000100010
In base 14, what is -9b33d52 + -1?
-9b33d53
In base 3, what is -120100 - 10002001202?
-10002122002
In base 9, what is -2 + 43343475?
43343473
In base 7, what is 6360262306 + -3?
6360262303
In base 7, what is -45 - 251323413?
-251323461
In base 4, what is -1322023332322 + -11?
-1322023332333
In base 14, what is -4c234d - 25?
-4c2374
In base 6, what is -11014500201 + 5?
-11014500152
In base 7, what is -31543315 - -10?
-31543305
In base 12, what is -17791 + 268?
-17525
In base 10, what is -1 - -25268234?
25268233
In base 13, what is -b3 + b4769?
b4686
In base 10, what is -23825500 + 0?
-23825500
In base 11, what is 211518 + -68?
211460
In base 10, what is 5293061 - -2?
5293063
In base 10, what is -2603 + 87?
-2516
In base 11, what is -90 - -237a3?
23713
In base 14, what is 7c93 - -1b?
7cb0
In base 8, what is 276771006 + 5?
276771013
In base 11, what is -12a95 - 432?
-13417
In base 7, what is -212 + -3361005?
-3361220
In base 6, what is 3401225 - 24244?
3332541
In base 3, what is -221 - -10002200222221?
10002200222000
In base 10, what is 3204111 - -5?
3204116
In base 9, what is 2551738 + -8?
2551730
In base 9, what is 1166275834 - -2?
1166275836
In base 13, what is -1 + -1c21b5a5?
-1c21b5a6
In base 16, what is 9a6c3c - 5?
9a6c37
In base 2, what is 1101111 + -111110111101010000?
-111110111011100001
In base 6, what is -10 + 1012325101?
1012